greatest common divisor of b and 4?
4
Let f = -10 + 23. Let y = 262 + -145. Calculate the greatest common divisor of f and y.
13
Let q(r) = -r**3 + 8*r**2 + 9*r + 2. Suppose 0 = 5*k - 2*k - 27. Let f be q(k). What is the highest common divisor of f and 3?
1
Let t(o) = 13*o**2 - 7*o - 1. Let m be t(3). Calculate the highest common factor of m and 38.
19
Let j = 4 - 6. Let l(b) = 2 + 11*b - 14*b + 25*b**2 - 4. Let w be l(j). Calculate the highest common divisor of w and 13.
13
Suppose p = -0*p + 19. Suppose -2*v - 2 = -10. Let w be 760/v*(-1)/(-2). Calculate the greatest common factor of w and p.
19
Suppose -2*s = 4*z - 512, -2*z = 3*z - 5*s - 640. Let y be (-1 + 4/8)*-32. What is the greatest common divisor of z and y?
16
Let h be 6 - ((-8)/2 - -7). Calculate the greatest common factor of 15 and h.
3
Let l(d) = d**3 + d**2 + 2*d + 1. Let o be l(-1). Let j = 1 - o. Suppose j*n = 2*f - 7*f - 10, -4*n = 5*f. Calculate the greatest common factor of 5 and n.
5
Let r be ((28 - 3)*-1)/(6/(-12)). What is the greatest common divisor of 2 and r?
2
Let o be 12 + 4 + -1 + 1. What is the highest common factor of 40 and o?
8
Suppose 11 = 5*u - 2*f + 4*f, 0 = 5*u - f - 2. Suppose u = -5*v - 4*g, 4*v + 5*g + 2 = -6. Calculate the highest common divisor of 33 and v.
3
Suppose 32 = 2*k - 16. Let r(u) = 2*u**2 + 10*u. Let c(x) = -2*x - 5. Let v be c(-6). Let s be r(v). What is the highest common divisor of k and s?
24
Suppose 0 = 2*u + 3*t + 24, -2 = -u - 2*t + 4*t. Let d = -2 - u. Let g be 1/(d/(-182))*-2. Calculate the greatest common factor of 13 and g.
13
Let a = -1 + 4. Let i = 50 - 47. What is the greatest common factor of i and a?
3
Let v be (3 - -38)*(9 - 7). Calculate the greatest common factor of v and 205.
41
Let n = 9 + 1. Let b = 82 + 8. Calculate the highest common factor of n and b.
10
Suppose 0 = 3*z - 13 - 23. What is the highest common factor of z and 132?
12
Let x be ((-29)/(-1) - -7)/(6/44). Calculate the highest common divisor of x and 24.
24
Let k = -210 + 354. Let r be (-1)/1 + (17 - 0). What is the greatest common divisor of r and k?
16
Let x(g) = -8*g**2 - g + 2. Let p be x(-3). Let j = -34 - p. Calculate the greatest common factor of j and 11.
11
Let n be -2*1*40/(-5). What is the greatest common divisor of 4 and n?
4
Let r be (13 - -1 - 3) + 2. Let a = 5 - 9. Let i = r + a. What is the highest common divisor of 36 and i?
9
Suppose 0 = -w - 2*w + 135. Let a(z) = z**2 - 2*z - 4. Let b be a(-3). Suppose b - 2 = i. What is the highest common factor of i and w?
9
Suppose 3*r - 30 = -0*r. Let i be -1*((2 - (-6 - -4)) + -29). Calculate the greatest common divisor of i and r.
5
Let u = -27 + 40. Suppose 0 = -j - 3, -3*j - j + 33 = a. Let g = 20 + a. Calculate the greatest common divisor of u and g.
13
Suppose -3*m - p + 122 = 0, 4*m - 46 = -p + 118. What is the highest common factor of m and 105?
21
Suppose x = 2*o + 227, -4*o = 2*x - 0*o - 470. Suppose -d + x = 2*d. What is the highest common factor of 11 and d?
11
Let b(q) = q**3 - 2*q + 18. Let z be b(0). What is the greatest common divisor of 27 and z?
9
Let i = -11 + 27. Calculate the greatest common factor of i and 64.
16
Let j(s) = 18*s**2 - s + 2. Let b be j(2). Let a = b - 42. Calculate the highest common factor of a and 6.
6
Let q(r) = -3*r - 37. Let f be q(-14). Calculate the greatest common divisor of 10 and f.
5
Suppose 29 = 4*o - 83. Calculate the highest common factor of o and 8.
4
Let c(h) = -h**2 + 13*h + 2. Let r be 3 - 1 - (1 - 10). Let u be c(r). What is the greatest common divisor of 60 and u?
12
Let q(z) = z**2 + 11*z - 21. Let p be q(6). What is the greatest common factor of 27 and p?
27
Let z be ((-4)/6)/((-2)/(-3)). Let l(t) = -9*t + 1. Let f be l(z). What is the greatest common factor of 15 and f?
5
Let h be 2*(21/(-2))/(-7). Calculate the greatest common factor of h and 18.
3
Let z = -9 + 85. What is the highest common divisor of 19 and z?
19
Let s(c) = 63*c - 4*c - 15*c + 51*c. Let q be s(1). What is the highest common divisor of q and 38?
19
Let m be ((-96)/(-4))/((-1)/(-56)*6). Calculate the highest common divisor of m and 28.
28
Suppose 0 = 2*l - p, -5*p + 2 + 13 = 5*l. Let h be (28/(-4))/(l - 2). Suppose -h = -f - 0. What is the greatest common factor of 14 and f?
7
Let j = 8 - 7. Suppose -5*v + 6 = -3*h - j, -25 = -5*v. Calculate the greatest common factor of 66 and h.
6
Let g be (-1 - 23)/((-1)/1). Calculate the highest common factor of g and 6.
6
Let v(m) = m**2 - 6*m. Let n be (8/3 - 0)*3. Let w be v(n). Let l = w - 9. Calculate the highest common divisor of l and 63.
7
Let q(s) = -s**3 + 3*s**2 + 5*s - 1. Let u be q(4). Let v be (-4)/22 + 402/165*5. What is the highest common divisor of v and u?
3
Let f(x) = -3*x - 4. Let a be f(-4). Let y = 1 + 22. Suppose -16 = 3*c - 4*c - 4*b, -2*c + b = -y. Calculate the greatest common divisor of c and a.
4
Let w(g) = -g**2 + 5*g - 4. Let o be w(3). Let s be 19 + (o - (1 - 0)). Calculate the highest common factor of 10 and s.
10
Let z(l) = l - 1. Let r be z(14). Calculate the greatest common divisor of r and 1.
1
Let w(x) = x**3 - 4*x**2 + 6*x - 6. Let o be w(4). Calculate the greatest common factor of o and 9.
9
Let l be ((-7)/(-1))/((-3)/(-18)). Suppose -2*a + 154 - l = 0. What is the greatest common divisor of a and 8?
8
Let m(d) = d**2 - 3*d - 3. Let h be m(4). Let c be (-2 + h)/(0 + 1). Let r be 2 - (c + 4/2). Calculate the highest common factor of r and 8.
1
Let l = 15 - -9. Calculate the highest common divisor of 6 and l.
6
Suppose -4*p + h - 6*h - 84 = 0, 94 = -3*p + 4*h. Let s = -7 - p. Calculate the greatest common factor of 76 and s.
19
Let w = -66 + 83. What is the greatest common factor of 153 and w?
17
Let y be (-130)/4*(2 - 4). Suppose -y = -3*b - 8. Let i = b + -9. What is the highest common factor of 2 and i?
2
Let u(h) = -h**2 + h + 2. Let x be u(2). Suppose -5*n + x*n = -120. What is the highest common divisor of 16 and n?
8
Suppose -6*c + 322 = -4*c. What is the greatest common factor of c and 23?
23
Suppose 5*r = -35 + 75. Calculate the greatest common divisor of 8 and r.
8
Suppose 42 - 16 = 4*k + 2*b, 0 = 4*k + 5*b - 17. What is the greatest common factor of k and 32?
8
Let u = -10 - -22. Let o(g) = 61*g + 28*g - 5*g. Let q be o(1). What is the greatest common divisor of u and q?
12
Let j(q) = -2*q**3 + 2*q**2 + 2*q - 1. Let b be j(-2). Let a be (-4)/((-40)/946) + 6/15. Calculate the highest common factor of a and b.
19
Let r = 68 + -23. Let a = -21 - -39. Calculate the highest common divisor of a and r.
9
Let m be (1/2)/(1/2). Calculate the highest common factor of 11 and m.
1
Suppose -3*a + y = -2*y + 18, -4*a = 5*y - 3. Let c be (-5 - 0)/(a/69). What is the highest common factor of c and 46?
23
Let l = -5 + 11. Let m = -11 + 11. Suppose 2*p - 48 = -m*p. What is the highest common factor of p and l?
6
Let m be (-4 - -6)/((-8)/(-84)). What is the greatest common divisor of m and 7?
7
Suppose 3*t - 3*r = 15, -t + 0*t = -3*r - 5. What is the highest common factor of 10 and t?
5
Let j(y) = y**2 + 7*y - 8. Let k be j(-12). What is the greatest common divisor of 4 and k?
4
Let b be (3/2)/((-6)/(-4)). What is the greatest common factor of 9 and b?
1
Suppose 0 = 2*i - 221 + 61. What is the highest common factor of i and 10?
10
Suppose -4*f + 35 = -5. Let y = 9 - 4. Suppose b - 29 = -2*s, b - 6*b = y*s - 135. What is the highest common divisor of b and f?
5
Let i(g) = g**3 + 8*g**2 + 2*g - 3. Let x be i(-7). Let t = 75 - -21. Calculate the highest common factor of x and t.
32
Suppose -50 = -2*u + 2*x + 24, 0 = -4*x - 16. What is the highest common factor of 297 and u?
33
Let v = 22 + -16. Let z = 3 + 9. Let x = z - v. What is the greatest common factor of x and 60?
6
Let y(i) = 7*i + 1. Let j be y(2). Let m(v) = -6*v. Let o be m(-1). Let w = 11 - o. Calculate the greatest common factor of w and j.
5
Let g(o) = -o**2 - 4*o + 7. Let d be g(-5). Suppose -d*y + 40 = -y. Suppose 0 = 2*h - 4*h + 32. What is the highest common factor of y and h?
8
Suppose 49 = 3*j - 47. Suppose 7*w - 3*w = 4*g, -4*w = g. Suppose w = -q + 20 + 28. Calculate the highest common divisor of j and q.
16
Suppose 3*s - 5*s + 4*v = -10, 3*s - v = 15. What is the greatest common factor of s and 5?
5
Let g(p) = p - 1. Suppose n - 4*m 